{"id":7340,"date":"2025-02-21T11:39:39","date_gmt":"2025-02-21T10:39:39","guid":{"rendered":"https:\/\/www.scalesi.fr\/?page_id=7340"},"modified":"2025-06-17T16:46:37","modified_gmt":"2025-06-17T15:46:37","slug":"nos-solutions","status":"publish","type":"page","link":"https:\/\/www.scalesi.fr\/index.php\/nos-solutions\/","title":{"rendered":"Nos Solutions"},"content":{"rendered":"\t\t<div data-elementor-type=\"wp-page\" data-elementor-id=\"7340\" class=\"elementor elementor-7340\">\n\t\t\t\t<div class=\"elementor-element elementor-element-3d6b67b e-flex e-con-boxed e-con e-parent\" data-id=\"3d6b67b\" data-element_type=\"container\" data-e-type=\"container\">\n\t\t\t\t\t<div class=\"e-con-inner\">\n\t\t\t\t<div class=\"elementor-element elementor-element-f5d3ce2 elementor-widget elementor-widget-heading\" data-id=\"f5d3ce2\" data-element_type=\"widget\" data-e-type=\"widget\" data-widget_type=\"heading.default\">\n\t\t\t\t<div class=\"elementor-widget-container\">\n\t\t\t\t\t<h2 class=\"elementor-heading-title elementor-size-default\">NOS SOLUTIONS<\/h2>\t\t\t\t<\/div>\n\t\t\t\t<\/div>\n\t\t\t\t\t<\/div>\n\t\t\t\t<\/div>\n\t\t<div class=\"elementor-element elementor-element-f9f08f7 e-flex e-con-boxed e-con e-parent\" data-id=\"f9f08f7\" data-element_type=\"container\" data-e-type=\"container\">\n\t\t\t\t\t<div class=\"e-con-inner\">\n\t\t\t\t<div class=\"elementor-element elementor-element-50286ae elementor-widget elementor-widget-text-editor\" data-id=\"50286ae\" data-element_type=\"widget\" data-e-type=\"widget\" data-widget_type=\"text-editor.default\">\n\t\t\t\t<div class=\"elementor-widget-container\">\n\t\t\t\t\t\t\t\t\t<p>Les \u00e9quipes IT passent plus de temps aujourd&rsquo;hui \u00e0 administrer leur syst\u00e8me d&rsquo;information qu&rsquo;\u00e0 se concentrer sur les projets d&rsquo;am\u00e9liorations (infrastructure, applications etc.) pour les utilisateurs.<\/p><p>ScaleSi souhaite vous accompagner et lib\u00e9rer votre temps afin qu&rsquo;il soit d\u00e9di\u00e9 \u00e0 l&rsquo;am\u00e9lioration de l&rsquo;exp\u00e9rience utilisateur. Nos interventions sont pro-actives et interviennent au moment que vous choisissez (pr\u00e9ventif et\/ou curatif). Nous pouvons \u00e9galement allouer des ressources sp\u00e9cifiques pour vos projets avec du personnel qualifi\u00e9, certifi\u00e9 et poss\u00e9dant une exp\u00e9rience significative au seins de syst\u00e8mes d&rsquo;informations complexes.<\/p>\t\t\t\t\t\t\t\t<\/div>\n\t\t\t\t<\/div>\n\t\t\t\t\t<\/div>\n\t\t\t\t<\/div>\n\t\t<div class=\"elementor-element elementor-element-53581a0 e-flex e-con-boxed e-con e-parent\" data-id=\"53581a0\" data-element_type=\"container\" data-e-type=\"container\">\n\t\t\t\t\t<div class=\"e-con-inner\">\n\t\t\t\t<div class=\"elementor-element elementor-element-14a4cbf elementor-widget elementor-widget-spacer\" data-id=\"14a4cbf\" data-element_type=\"widget\" data-e-type=\"widget\" data-widget_type=\"spacer.default\">\n\t\t\t\t<div class=\"elementor-widget-container\">\n\t\t\t\t\t\t\t<div class=\"elementor-spacer\">\n\t\t\t<div class=\"elementor-spacer-inner\"><\/div>\n\t\t<\/div>\n\t\t\t\t\t\t<\/div>\n\t\t\t\t<\/div>\n\t\t\t\t\t<\/div>\n\t\t\t\t<\/div>\n\t\t<div class=\"elementor-element elementor-element-820e746 e-flex e-con-boxed e-con e-parent\" data-id=\"820e746\" data-element_type=\"container\" data-e-type=\"container\">\n\t\t\t\t\t<div class=\"e-con-inner\">\n\t\t<div class=\"elementor-element elementor-element-bb37d2b e-con-full e-flex e-con e-child\" data-id=\"bb37d2b\" data-element_type=\"container\" data-e-type=\"container\">\n\t\t\t\t<div class=\"elementor-element elementor-element-d7b813a ekit-equal-height-disable elementor-widget elementor-widget-elementskit-image-box\" data-id=\"d7b813a\" data-element_type=\"widget\" data-e-type=\"widget\" data-widget_type=\"elementskit-image-box.default\">\n\t\t\t\t<div class=\"elementor-widget-container\">\n\t\t\t\t\t<div class=\"ekit-wid-con\" >\n            <div class=\"elementskit-info-image-box ekit-image-box text-center simple-card\" >\n\n                <a href=\"https:\/\/www.scalesi.fr\/index.php\/intelligence-artificielle-2\/\">\n                <div class=\"elementskit-box-header image-box-img-center\">\n\n                    <img fetchpriority=\"high\" decoding=\"async\" width=\"1024\" height=\"1024\" src=\"https:\/\/www.scalesi.fr\/wp-content\/uploads\/2025\/06\/A-futuristic-scene-with-two-humanoid-robots-standing-and-talking-to-each-other-in-a-high-tech-enviro.jpeg\" class=\"attachment-full size-full wp-image-8334\" alt=\"\" srcset=\"https:\/\/www.scalesi.fr\/wp-content\/uploads\/2025\/06\/A-futuristic-scene-with-two-humanoid-robots-standing-and-talking-to-each-other-in-a-high-tech-enviro.jpeg 1024w, https:\/\/www.scalesi.fr\/wp-content\/uploads\/2025\/06\/A-futuristic-scene-with-two-humanoid-robots-standing-and-talking-to-each-other-in-a-high-tech-enviro-300x300.jpeg 300w, https:\/\/www.scalesi.fr\/wp-content\/uploads\/2025\/06\/A-futuristic-scene-with-two-humanoid-robots-standing-and-talking-to-each-other-in-a-high-tech-enviro-150x150.jpeg 150w, https:\/\/www.scalesi.fr\/wp-content\/uploads\/2025\/06\/A-futuristic-scene-with-two-humanoid-robots-standing-and-talking-to-each-other-in-a-high-tech-enviro-768x768.jpeg 768w, https:\/\/www.scalesi.fr\/wp-content\/uploads\/2025\/06\/A-futuristic-scene-with-two-humanoid-robots-standing-and-talking-to-each-other-in-a-high-tech-enviro-600x600.jpeg 600w\" sizes=\"(max-width: 1024px) 100vw, 1024px\" \/>\n                <\/div>\n                <\/a>\n                <div class=\"elementskit-box-body ekit-image-box-body\">\n                    <div class=\"elementskit-box-content ekit-image-box-body-inner\">\n                                                <h3 class=\"elementskit-info-box-title\">\n\n                        INTELLIGENCE ARTIFICIELLE\n                        \n                    <\/h3>\n                                                            <div class=\"elementskit-box-style-content\">\n                        D\u00e9couvrez comment l\u2019automatisation par l\u2019IA lib\u00e8re du temps et optimise vos op\u00e9rations.                    <\/div>\n                                    <\/div>\n\n                            <\/div>\n            <\/div>\n    <\/div>\t\t\t\t<\/div>\n\t\t\t\t<\/div>\n\t\t\t\t<\/div>\n\t\t<div class=\"elementor-element elementor-element-05817b2 e-con-full e-flex e-con e-child\" data-id=\"05817b2\" data-element_type=\"container\" data-e-type=\"container\">\n\t\t\t\t<div class=\"elementor-element elementor-element-88df3f2 ekit-equal-height-disable elementor-widget elementor-widget-elementskit-image-box\" data-id=\"88df3f2\" data-element_type=\"widget\" data-e-type=\"widget\" data-widget_type=\"elementskit-image-box.default\">\n\t\t\t\t<div class=\"elementor-widget-container\">\n\t\t\t\t\t<div class=\"ekit-wid-con\" >\n            <div class=\"elementskit-info-image-box ekit-image-box text-center simple-card\" >\n\n                <a href=\"https:\/\/www.scalesi.fr\/index.php\/infrastruture\/\">\n                <div class=\"elementskit-box-header image-box-img-center\">\n\n                    <img decoding=\"async\" width=\"1024\" height=\"1024\" src=\"https:\/\/www.scalesi.fr\/wp-content\/uploads\/2025\/06\/Futuristic-data-center-with-long-symmetrical-rows-of-glowing-server-racks-in-a-clean-high-tech-env.jpeg\" class=\"attachment-full size-full wp-image-8336\" alt=\"\" srcset=\"https:\/\/www.scalesi.fr\/wp-content\/uploads\/2025\/06\/Futuristic-data-center-with-long-symmetrical-rows-of-glowing-server-racks-in-a-clean-high-tech-env.jpeg 1024w, https:\/\/www.scalesi.fr\/wp-content\/uploads\/2025\/06\/Futuristic-data-center-with-long-symmetrical-rows-of-glowing-server-racks-in-a-clean-high-tech-env-300x300.jpeg 300w, https:\/\/www.scalesi.fr\/wp-content\/uploads\/2025\/06\/Futuristic-data-center-with-long-symmetrical-rows-of-glowing-server-racks-in-a-clean-high-tech-env-150x150.jpeg 150w, https:\/\/www.scalesi.fr\/wp-content\/uploads\/2025\/06\/Futuristic-data-center-with-long-symmetrical-rows-of-glowing-server-racks-in-a-clean-high-tech-env-768x768.jpeg 768w, https:\/\/www.scalesi.fr\/wp-content\/uploads\/2025\/06\/Futuristic-data-center-with-long-symmetrical-rows-of-glowing-server-racks-in-a-clean-high-tech-env-600x600.jpeg 600w\" sizes=\"(max-width: 1024px) 100vw, 1024px\" \/>\n                <\/div>\n                <\/a>\n                <div class=\"elementskit-box-body ekit-image-box-body\">\n                    <div class=\"elementskit-box-content ekit-image-box-body-inner\">\n                                                <h3 class=\"elementskit-info-box-title\">\n\n                        INFRASTRUCTURE\n                        \n                    <\/h3>\n                                                            <div class=\"elementskit-box-style-content\">\n                        Nos infrastructure ScaleSI assure la fiabilit\u00e9, la s\u00e9curit\u00e9 et la performance de nos services num\u00e9riques.                    <\/div>\n                                    <\/div>\n\n                            <\/div>\n            <\/div>\n    <\/div>\t\t\t\t<\/div>\n\t\t\t\t<\/div>\n\t\t\t\t<\/div>\n\t\t<div class=\"elementor-element elementor-element-e99f363 e-con-full e-flex e-con e-child\" data-id=\"e99f363\" data-element_type=\"container\" data-e-type=\"container\">\n\t\t\t\t<div class=\"elementor-element elementor-element-4e22cc9 ekit-equal-height-disable elementor-widget elementor-widget-elementskit-image-box\" data-id=\"4e22cc9\" data-element_type=\"widget\" data-e-type=\"widget\" data-widget_type=\"elementskit-image-box.default\">\n\t\t\t\t<div class=\"elementor-widget-container\">\n\t\t\t\t\t<div class=\"ekit-wid-con\" >\n            <div class=\"elementskit-info-image-box ekit-image-box text-center simple-card\" >\n\n                <a href=\"https:\/\/www.scalesi.fr\/index.php\/sauvegarde\/\">\n                <div class=\"elementskit-box-header image-box-img-center\">\n\n                    <img decoding=\"async\" width=\"1024\" height=\"1024\" src=\"https:\/\/www.scalesi.fr\/wp-content\/uploads\/2025\/06\/A-highly-realistic-and-futuristic-digital-cloud-floating-in-mid-air-surrounded-by-glowing-neon-icon.jpeg\" class=\"attachment-full size-full wp-image-8344\" alt=\"\" srcset=\"https:\/\/www.scalesi.fr\/wp-content\/uploads\/2025\/06\/A-highly-realistic-and-futuristic-digital-cloud-floating-in-mid-air-surrounded-by-glowing-neon-icon.jpeg 1024w, https:\/\/www.scalesi.fr\/wp-content\/uploads\/2025\/06\/A-highly-realistic-and-futuristic-digital-cloud-floating-in-mid-air-surrounded-by-glowing-neon-icon-300x300.jpeg 300w, https:\/\/www.scalesi.fr\/wp-content\/uploads\/2025\/06\/A-highly-realistic-and-futuristic-digital-cloud-floating-in-mid-air-surrounded-by-glowing-neon-icon-150x150.jpeg 150w, https:\/\/www.scalesi.fr\/wp-content\/uploads\/2025\/06\/A-highly-realistic-and-futuristic-digital-cloud-floating-in-mid-air-surrounded-by-glowing-neon-icon-768x768.jpeg 768w, https:\/\/www.scalesi.fr\/wp-content\/uploads\/2025\/06\/A-highly-realistic-and-futuristic-digital-cloud-floating-in-mid-air-surrounded-by-glowing-neon-icon-600x600.jpeg 600w\" sizes=\"(max-width: 1024px) 100vw, 1024px\" \/>\n                <\/div>\n                <\/a>\n                <div class=\"elementskit-box-body ekit-image-box-body\">\n                    <div class=\"elementskit-box-content ekit-image-box-body-inner\">\n                                                <h3 class=\"elementskit-info-box-title\">\n\n                        SAUVEGARDE\n                        \n                    <\/h3>\n                                                            <div class=\"elementskit-box-style-content\">\n                        La sauvegarde des donn\u00e9es est essentielle \u00e0 la p\u00e9rennit\u00e9 du syst\u00e8me d'information.                    <\/div>\n                                    <\/div>\n\n                            <\/div>\n            <\/div>\n    <\/div>\t\t\t\t<\/div>\n\t\t\t\t<\/div>\n\t\t\t\t<\/div>\n\t\t\t\t\t<\/div>\n\t\t\t\t<\/div>\n\t\t<div class=\"elementor-element elementor-element-e8e2065 e-flex e-con-boxed e-con e-parent\" data-id=\"e8e2065\" data-element_type=\"container\" data-e-type=\"container\">\n\t\t\t\t\t<div class=\"e-con-inner\">\n\t\t\t\t<div class=\"elementor-element elementor-element-ea38fb8 elementor-widget elementor-widget-spacer\" data-id=\"ea38fb8\" data-element_type=\"widget\" data-e-type=\"widget\" data-widget_type=\"spacer.default\">\n\t\t\t\t<div class=\"elementor-widget-container\">\n\t\t\t\t\t\t\t<div class=\"elementor-spacer\">\n\t\t\t<div class=\"elementor-spacer-inner\"><\/div>\n\t\t<\/div>\n\t\t\t\t\t\t<\/div>\n\t\t\t\t<\/div>\n\t\t\t\t\t<\/div>\n\t\t\t\t<\/div>\n\t\t\t\t<\/div>\n\t\t","protected":false},"excerpt":{"rendered":"<p>NOS SOLUTIONS Les \u00e9quipes IT passent plus de temps aujourd&rsquo;hui \u00e0 administrer leur syst\u00e8me d&rsquo;information qu&rsquo;\u00e0 se concentrer sur les projets d&rsquo;am\u00e9liorations (infrastructure, applications etc.) pour les utilisateurs. ScaleSi souhaite vous accompagner et lib\u00e9rer votre temps afin qu&rsquo;il soit d\u00e9di\u00e9 \u00e0 l&rsquo;am\u00e9lioration de l&rsquo;exp\u00e9rience utilisateur. Nos interventions sont pro-actives et interviennent au moment que vous [&hellip;]<\/p>\n","protected":false},"author":2,"featured_media":0,"parent":0,"menu_order":0,"comment_status":"closed","ping_status":"closed","template":"","meta":{"footnotes":""},"class_list":["post-7340","page","type-page","status-publish","hentry"],"_links":{"self":[{"href":"https:\/\/www.scalesi.fr\/index.php\/wp-json\/wp\/v2\/pages\/7340","targetHints":{"allow":["GET"]}}],"collection":[{"href":"https:\/\/www.scalesi.fr\/index.php\/wp-json\/wp\/v2\/pages"}],"about":[{"href":"https:\/\/www.scalesi.fr\/index.php\/wp-json\/wp\/v2\/types\/page"}],"author":[{"embeddable":true,"href":"https:\/\/www.scalesi.fr\/index.php\/wp-json\/wp\/v2\/users\/2"}],"replies":[{"embeddable":true,"href":"https:\/\/www.scalesi.fr\/index.php\/wp-json\/wp\/v2\/comments?post=7340"}],"version-history":[{"count":5,"href":"https:\/\/www.scalesi.fr\/index.php\/wp-json\/wp\/v2\/pages\/7340\/revisions"}],"predecessor-version":[{"id":9217,"href":"https:\/\/www.scalesi.fr\/index.php\/wp-json\/wp\/v2\/pages\/7340\/revisions\/9217"}],"wp:attachment":[{"href":"https:\/\/www.scalesi.fr\/index.php\/wp-json\/wp\/v2\/media?parent=7340"}],"curies":[{"name":"wp","href":"https:\/\/api.w.org\/{rel}","templated":true}]}}